{"id":28717,"date":"2026-04-14T08:45:27","date_gmt":"2026-04-14T07:45:27","guid":{"rendered":"https:\/\/autojamra.cz\/?page_id=28717"},"modified":"2026-04-15T17:21:30","modified_gmt":"2026-04-15T16:21:30","slug":"prijem-24-7","status":"publish","type":"page","link":"https:\/\/autojamra.cz\/?page_id=28717","title":{"rendered":"P\u0159\u00edjem 24\/7"},"content":{"rendered":"\n<h2 class=\"wp-block-heading\">N\u00c1VOD NA P\u0158ED\u00c1N\u00cd VOZIDLA KIA &#8211; 24\/7<\/h2>\n\n\n\n<p><\/p>\n\n\n\n<p><\/p>\n\n\n\n<br\/ ><br\/ >\n<iframe src=\"https:\/\/www.google.com\/maps\/embed?pb=!1m17!1m12!1m3!1d2614.654002207846!2d13.783591!3d49.055202!2m3!1f0!2f0!3f0!3m2!1i1024!2i768!4f13.1!3m2!1m1!2zNDnCsDAzJzE4LjciTiAxM8KwNDcnMDAuOSJF!5e0!3m2!1sen!2scz!4v1776265070765!5m2!1sen!2scz\" width=\"100%\" height=\"450\" style=\"border:0;\" allowfullscreen=\"\" loading=\"lazy\" referrerpolicy=\"no-referrer-when-downgrade\"><\/iframe>\n<br\/ ><br\/ ><br\/ >\n\n\n\n<div class=\"wp-block-columns is-layout-flex wp-container-core-columns-is-layout-9d6595d7 wp-block-columns-is-layout-flex\">\n<div class=\"wp-block-column is-layout-flow wp-block-column-is-layout-flow\" style=\"flex-basis:50%\">\n<div class=\"wp-block-group is-nowrap is-layout-flex wp-container-core-group-is-layout-ad2f72ca wp-block-group-is-layout-flex\">\n<figure class=\"wp-block-image size-large\"><img loading=\"lazy\" decoding=\"async\" width=\"1200\" height=\"900\" src=\"https:\/\/autojamra.cz\/wp-content\/uploads\/11702-1200x900.jpg\" alt=\"\" class=\"wp-image-28724\" style=\"aspect-ratio:3\/2;object-fit:cover\" srcset=\"https:\/\/autojamra.cz\/wp-content\/uploads\/11702-1200x900.jpg 1200w, https:\/\/autojamra.cz\/wp-content\/uploads\/11702-300x225.jpg 300w, https:\/\/autojamra.cz\/wp-content\/uploads\/11702-1536x1152.jpg 1536w, https:\/\/autojamra.cz\/wp-content\/uploads\/11702.jpg 2048w\" sizes=\"auto, (max-width: 1200px) 100vw, 1200px\" \/><\/figure>\n<\/div>\n<\/div>\n\n\n\n<div class=\"wp-block-column is-layout-flow wp-block-column-is-layout-flow\" style=\"flex-basis:50%\">\n<figure class=\"wp-block-image size-large\"><img loading=\"lazy\" decoding=\"async\" width=\"1200\" height=\"900\" src=\"https:\/\/autojamra.cz\/wp-content\/uploads\/Messenger_creation_7E79E869-E878-4DD5-859C-0788A3B9D6C1-1200x900.jpeg\" alt=\"\" class=\"wp-image-28733\" style=\"aspect-ratio:3\/2;object-fit:cover\" srcset=\"https:\/\/autojamra.cz\/wp-content\/uploads\/Messenger_creation_7E79E869-E878-4DD5-859C-0788A3B9D6C1-1200x900.jpeg 1200w, https:\/\/autojamra.cz\/wp-content\/uploads\/Messenger_creation_7E79E869-E878-4DD5-859C-0788A3B9D6C1-300x225.jpeg 300w, https:\/\/autojamra.cz\/wp-content\/uploads\/Messenger_creation_7E79E869-E878-4DD5-859C-0788A3B9D6C1-1536x1152.jpeg 1536w, https:\/\/autojamra.cz\/wp-content\/uploads\/Messenger_creation_7E79E869-E878-4DD5-859C-0788A3B9D6C1.jpeg 2048w\" sizes=\"auto, (max-width: 1200px) 100vw, 1200px\" \/><\/figure>\n<\/div>\n<\/div>\n\n\n\n<br\/ ><br\/ ><br\/ >\n<iframe loading=\"lazy\" src=\"https:\/\/autojamra.cz\/wp-content\/uploads\/NAVOD-NA-PREDANI-VOZIDLA-24_7.pdf\" width=\"100%\" height=\"1000px\">\n<\/iframe>\n\n\n\n<p><a href=\"https:\/\/autojamra.cz\/wp-content\/uploads\/NAVOD-NA-PREDANI-VOZIDLA-24_7.pdf\">St\u00e1hnout n\u00e1vod<\/a><\/p>\n","protected":false},"excerpt":{"rendered":"<p>N\u00c1VOD NA P\u0158ED\u00c1N\u00cd VOZIDLA KIA &#8211; 24\/7 St\u00e1hnout n\u00e1vod<\/p>\n","protected":false},"author":1,"featured_media":0,"parent":0,"menu_order":0,"comment_status":"closed","ping_status":"closed","template":"","meta":{"_acf_changed":false,"wpupg_custom_link":[],"wpupg_custom_link_behaviour":[],"wpupg_custom_link_nofollow":[],"wpupg_custom_image":[],"wpupg_custom_image_id":[],"footnotes":""},"class_list":["post-28717","page","type-page","status-publish","hentry"],"acf":[],"_links":{"self":[{"href":"https:\/\/autojamra.cz\/index.php?rest_route=\/wp\/v2\/pages\/28717","targetHints":{"allow":["GET"]}}],"collection":[{"href":"https:\/\/autojamra.cz\/index.php?rest_route=\/wp\/v2\/pages"}],"about":[{"href":"https:\/\/autojamra.cz\/index.php?rest_route=\/wp\/v2\/types\/page"}],"author":[{"embeddable":true,"href":"https:\/\/autojamra.cz\/index.php?rest_route=\/wp\/v2\/users\/1"}],"replies":[{"embeddable":true,"href":"https:\/\/autojamra.cz\/index.php?rest_route=%2Fwp%2Fv2%2Fcomments&post=28717"}],"version-history":[{"count":14,"href":"https:\/\/autojamra.cz\/index.php?rest_route=\/wp\/v2\/pages\/28717\/revisions"}],"predecessor-version":[{"id":28740,"href":"https:\/\/autojamra.cz\/index.php?rest_route=\/wp\/v2\/pages\/28717\/revisions\/28740"}],"wp:attachment":[{"href":"https:\/\/autojamra.cz\/index.php?rest_route=%2Fwp%2Fv2%2Fmedia&parent=28717"}],"curies":[{"name":"wp","href":"https:\/\/api.w.org\/{rel}","templated":true}]}}